ose -5*m - 5 = o. Determine z(m).
1
Suppose 0 = -m - m + 4. Let w be (-1 - -2)/((-4)/(-24)). Let y(q) = -w + q**m - 2*q + q - 1. What is y(0)?
-7
Suppose -23 - 13 = -3*b. Suppose 0 = j - 2*j + 4*h + b, 5*j = h + 22. Let l(x) = x**3 - 3*x**2 - 3*x + 4. Give l(j).
8
Let n(y) be the third derivative of -y**4/12 + 5*y**3/6 + 10*y**2. Determine n(5).
-5
Let n(q) = q**3 - 2*q**2 - 6*q + 1. Let j be n(4). Suppose k - 4*k = 3*o + j, -18 = -2*k + 4*o. Suppose -3*v - 11 = k. Let b(s) = -s. Give b(v).
4
Let n(b) = 6*b + 8. Let z(v) = 7*v + 7. Let r(m) = -6*n(m) + 7*z(m). Calculate r(-1).
-12
Let h(z) = -2*z**3 + z**2 + 3*z. Let s(u) = 3*u**3 - 2*u**2 - 4*u. Let m(x) = 4*h(x) + 3*s(x). What is m(3)?
9
Let k(a) = -a**2 + 8*a + 9. Let x be 22/2 - (-57)/(-19). Determine k(x).
9
Let i(p) = p**3 - 4*p**2 - 2*p + 1. Let s = -3 - -3. Suppose 0 = -d - w - 2*w + 19, s = 2*d - 2*w + 2. Let k be (d/3)/(7/21). Give i(k).
-7
Let z(h) = 7*h - 6*h - 2*h - 1. What is z(-1)?
0
Let y(k) = k**3 + 3*k**2 + 2*k + 1. Let q = -8 + 10. Suppose -2*w - 1 = -3*w - q*a, -2 = -a. What is y(w)?
-5
Let k(w) be the second derivative of -11*w**3/6 - 3*w**2/2 - 13*w. Give k(-2).
19
Let a(d) = -d**3 - 5*d**2 - d - 3. Suppose 5 + 3 = 2*b. Suppose -4*r + b*p - 64 = r, -4*r + 3*p = 51. Let u = r + 7. Give a(u).
2
Let l(z) = -16*z + 19. Let n(q) = 3*q - 4. Let v(o) = 2*l(o) + 11*n(o). Determine v(4).
-2
Let u(y) = -5*y**3 - 5*y**2 - 4*y + 3. Let d(l) = 6*l**3 + 5*l**2 + 5*l - 3. Let t(p) = -4*d(p) - 5*u(p). Let j be 2/(1*1/(-2)). Give t(j).
13
Let u(f) be the second derivative of -f**4/4 - 3*f**2/2 - 4*f. Let x(h) = -5*h**2 - h - 5. Let q(s) = -7*u(s) + 4*x(s). Give q(4).
1
Let j(t) = -t**3 - 6*t**2 - 6*t - 7. Let m(z) = 0*z**2 + 0*z**2 - 15 + z**3 - 2*z + z**2 + 9*z**2. Let n be m(-10). Suppose 0 = -s - n - 0. What is j(s)?
-2
Let g = 8 + -5. Suppose -8 = -g*z - 71. Let h be (-2)/6 + (-7)/z. Let p(k) = k. Determine p(h).
0
Let k be ((-3)/2 + 2)/(7/70). Let n(i) be the first derivative of -1/2*i**2 + 12*i - 1. What is n(k)?
7
Let d(z) be the third derivative of -z**6/60 + z**5/60 + z**4/8 - z**3/6 + z**2. Let v = -123 - -125. Give d(v).
-7
Let l(x) = -x**2 + 11*x + 5. Let u(q) = q + 1. Let o(g) = l(g) - 5*u(g). Calculate o(6).
0
Let b be 4/(-1)*(-1 + 2). Suppose 0 = -5*w - 5*r + 20, -2*w - 3*r + 4 = -4. Let p(l) = -5*l**2 - 2*l - 3*l + w + l**3 + 2*l - 2*l**3. What is p(b)?
0
Suppose -2*i = -4 - 8. Suppose 5*a = 4*k - 7*k + 39, 12 = 4*a. Let v be (i/k)/(3/8). Let n(p) = -p**2 - p - 2. Calculate n(v).
-8
Let l = -24 + 41. Let c(z) = -z + 17 - 12*z**2 - l. Determine c(-1).
-11
Let i = 29 - 26. Let t(u) = -u**3 + 4*u + 1. Calculate t(i).
-14
Suppose 3*x + 18 = -0*x. Let g(k) = k**2 + 12*k + 14. Let c(m) = -2*m**2 - 23*m - 27. Let r(l) = x*c(l) - 11*g(l). What is r(-6)?
8
Let k(u) be the second derivative of -u**3/6 - u**2/2 + 6*u. Give k(4).
-5
Let s(u) = u**3 + 10*u**2 + 8*u - 10. Let d be 39/(-4) + 12/16. What is s(d)?
-1
Let h(p) be the third derivative of -p**8/20160 + p**7/1008 + p**6/720 - p**5/60 + 7*p**2. Let x(v) be the third derivative of h(v). What is x(4)?
5
Let o(q) = -q**3 + 4*q**2 - q - 3. Suppose 10 = z - 2. Suppose -g = -4*g + z. What is o(g)?
-7
Let t be 3*(19/(-3) - -2). Let p(u) = u + 7. Let z be p(t). Let g(b) = b**2 + 6*b + 3. Give g(z).
3
Let k be 2/4*(-1 - -1). Let p(r) = -3*r**2 - 5*r - 5. Let o(t) = -5*t**2 - 9*t - 10. Let n(a) = 4*o(a) - 7*p(a). Determine n(k).
-5
Let y(k) = -11*k**3 - 12*k**2 + 25*k + 27. Let t(s) = 5*s**3 + 6*s**2 - 12*s - 13. Let v(i) = -9*t(i) - 4*y(i). Determine v(-7).
2
Suppose 2*a - 5*a = 3*z + 18, -5*a + 3*z = 6. Let i be 1*(a - -2) + 0. Let u(j) = -j. Give u(i).
1
Let i(n) = n**3 + 4*n**2 + n - 1. Let y be (30/(-6) - 0) + 1. Determine i(y).
-5
Let n(o) = 2*o + 12 + o**2 - 2*o - 15. Let q be 0*2/4 - -3. What is n(q)?
6
Suppose 2*k + 13 = 2*n - k, 0 = k + 3. Let z be (n/(-2))/((-3)/9). Let m(t) = -t + 2. Determine m(z).
-1
Let b = -56 + 49. Let w(s) = s**3 + 6*s**2 - 6*s - 1. Determine w(b).
-8
Let s(g) = 5*g - 3. Let d(m) = 4*m - 4. Let n(t) = -4*d(t) + 3*s(t). Determine n(7).
0
Let a(d) = d**2 + d - 1. Let f be a(2). Let i = f + -2. Let b(o) = -o + 1. Let m(l) = 3*l + 2. Let w(n) = i*b(n) - m(n). Calculate w(-1).
7
Let c(l) be the second derivative of l**7/840 - l**6/90 + l**5/120 + l**3/6 + 3*l. Let o(g) be the second derivative of c(g). Calculate o(3).
-6
Let u(a) be the first derivative of a**3/3 + 3*a**2 + 4*a + 3. Let h be u(-4). Let s(o) = -o - 2. What is s(h)?
2
Let n(d) be the first derivative of -3*d**2 - 3*d + 5. Let f(j) = j - 5. Let h be f(3). Determine n(h).
9
Let u(r) = 4*r - r**2 - 4*r + r + 0*r. Let s be u(1). Let k(j) = j**2 - j - 6. Determine k(s).
-6
Let g = 6 + -2. Let s(r) be the second derivative of 0 + 3*r**2 - 7/6*r**3 + r - 1/4*r**4 + 1/20*r**5. Determine s(g).
-6
Let x(h) = -2*h**3 - 6*h**2 + 3. Let i(t) = t**3. Let l(n) = i(n) + x(n). Suppose 0 = 2*p - 5*c + 7, p + c + 3 = -4. Give l(p).
3
Suppose 0 = 4*h - 0*h - 20. Let s = 4 - h. Let o(u) = 5*u**2 - 1. Let i be o(s). Let l(k) = -k**3 + 4*k**2 - 4. Give l(i).
-4
Suppose -4*d = 4*x - 2*x + 16, -2*d - 4*x - 2 = 0. Let j = 21 + -20. Let s(z) = -z. Let w(m) = 4*m + 2. Let f(k) = j*w(k) + 3*s(k). What is f(d)?
-3
Suppose 0*i + 16 = 4*i. Let u(k) = k**3 - 4*k**2. What is u(i)?
0
Let m(d) = -6*d**2 + 6 - 7 + 5*d**2 - d + 12*d**3. Determine m(-1).
-13
Let j(p) = -p**2 + 7*p - 1. Let x(a) = 2*a**3 - 14*a**2 + 5. Let k be x(7). Determine j(k).
9
Suppose 5 - 14 = -3*o. Let s(g) = 7*g**2 + 5 - 12*g + 5*g + 4 - g**o. Calculate s(6).
3
Let z(h) = 2*h - 3*h - 5 + 2*h + 0. Suppose b + 2 = 2*y - 1, b + 3 = -y. Calculate z(y).
-5
Let v(s) = -s**2 - 4*s + 2. Let w be (-9 + 9/3)/1. What is v(w)?
-10
Let z(v) = -v**3 + v**2 - v + 9. Let f be z(0). Let n = f + -7. Let t(h) = -h**2 + h + 1. Give t(n).
-1
Let s(a) be the second derivative of -a**5/20 - a**4/4 - a**3/6 + a**2 + 2*a. Let u(t) = 2*t + 2. Let w be u(-2). Give s(w).
0
Let c(x) = -5*x**3 + 3*x**3 + 2*x**2 - 1 - 3*x**3. Give c(-1).
6
Let n(v) be the second derivative of v**4/12 - 5*v**3/6 + v**2/2 - 21*v. Determine n(5).
1
Let j(b) = b**2 + 3*b + 1. Suppose 2*f + 8 = -0*f. What is j(f)?
5
Let r(a) be the third derivative of 0*a + 1/144*a**6 - 1/40*a**5 + 1/24*a**4 + 2*a**2 + 0 + 0*a**3. Let o(f) be the second derivative of r(f). Determine o(2).
7
Let r(j) = -2*j - 2*j - 8 + 3*j. Give r(-5).
-3
Let u be 4*(2 - (-9)/(-6)). Let c(d) = -d. Give c(u).
-2
Let j(t) be the first derivative of -1/2*t**2 + t - 1. Suppose -2*i + 5 = 3*x, x - 6 + 2 = -3*i. Calculate j(x).
0
Let f(z) = -z**3 + z**2 + z - 4. Let t be -4 + 7 + 1 + -4. Determine f(t).
-4
Let j(s) be the first derivative of -5/3*s**3 + 3 + 1/2*s**2 - 1/4*s**4 - 4*s. What is j(-5)?
-9
Let w = -8 - -12. Let g(x) = -w*x - 1 - 3*x**2 - 2*x**2 + 4*x**2 + 5*x. Calculate g(1).
-1
Suppose 7*n - 4*n = 0. Let v be n/1*(-1)/(-2). Let a be v/(2 - (-8)/(-2)). Let r(x) = x - 6. Determine r(a).
-6
Let h(x) be the second derivative of 2*x**2 + 1/6*x**3 + x + 0. Give h(-5).
-1
Let z(r) = 1154*r - 1 - 3 - 1153*r. Determine z(6).
2
Let o be 4 - (2 + (2 - 2)). Suppose p - 3*p + o = 0. Let w(i) = 6*i**3 + 2*i - 1. Give w(p).
7
Suppose -1 + 0 = v. Let f(m) = -m - 3. Let j be f(-4). Let i(h) = 2*h - 2 + 0 + j. What is i(v)?
-3
Let q(h) = -h**3 - h**2 + 2*h. Let g(i) = i**2 - 5*i - 1. Let r be g(4). Let z = r + 3. Give q(z).
0
Let z(r) = 6*r**2 - r - 5. Let b(m) = -6*m**2 + m + 4. Let c(o) = 4*b(o) + 3*z(o). Let h be 2*((-1)/2 + 0). Calculate c(h).
-6
Suppose 0 = -0*o + 4*o. Suppose 0 = -a + 3*a - 14. Let w(r) = a + 2*r + r**2 - r - 1. Give w(o).
6
Let s be (-9)/6*(1 + -3). Let c = s - 4. Let r(h) = -4*h**3 - h**2 - h - 1. Determine r(c).
3
Let b(o) = 4*o**3 - 3*o**2 + 3*o + 5. Let c(y) = 5*y**3 - 4*y**2 + 4*y + 6. Let n(k) = -4*b(k) + 3*c(k). Calculate n(2).
-10
Suppose 17 = s - 3*v, 2*s + 3*v + 33 = 5*s. Let w(t) = t**3 - 7*t**2 - 8*t - 6. Give w(s).
-6
Let n be 6 - (3 - 2)/1. Let d(b) = n - b**2 - 3 - 3*b + 3*b**2. Let f(l) = 3*l - 1. Let y be f(1). What is d(y)?
4
Let p = -5 - 1. Let y(l) = -2*l + 3. Give y(p).
15
Suppose 4*d + 16 = -4*r, 3*d - 4*r - 23 = -0*d. Let h(c) = -c**2 + 5*c + 5. Let b be h(5). Let v(m) = m + 2*m**2 + 1 - b*m + 5*m**2 + 2*m. Give v(d).
6
Let f(h) be the second derivativ